b + -4759?
-4b48
In base 10, what is 31903 - 439?
31464
In base 9, what is -185126384 + 5?
-185126378
In base 9, what is -1425 + -46134?
-47560
In base 13, what is 83631 - 3b?
835c3
In base 10, what is 465 - -49652?
50117
In base 16, what is 548 - 776?
-22e
In base 13, what is b + -1484062?
-1484054
In base 12, what is 6052991 - 3?
605298a
In base 4, what is -2 - 3013122?
-3013130
In base 4, what is 110321201300 - -301?
110321202201
In base 8, what is -73422673 + -73?
-73422766
In base 4, what is -2100 + -201232333?
-201301033
In base 14, what is -d6a63 + -a91?
-d7714
In base 10, what is -5 + -120040465?
-120040470
In base 2, what is 10100000110 - 1011011110110?
-1000111110000
In base 8, what is -10114 + 33445?
23331
In base 2, what is 101 - 100101111100000101100?
-100101111100000100111
In base 11, what is -5a6311678 - -3?
-5a6311675
In base 13, what is ac06 + 0?
ac06
In base 8, what is -166 + 121257?
121071
In base 14, what is -20a33 - -3d?
-209d4
In base 5, what is 10321020 - 30010?
10241010
In base 4, what is -113310 - -2303023?
2123113
In base 2, what is -100111001010101000000111110 + -100?
-100111001010101000001000010
In base 5, what is 3040211012342 - 4?
3040211012333
In base 3, what is -10102200000122 - 22?
-10102200000221
In base 2, what is -110 + 11011111011110010000111?
11011111011110010000001
In base 16, what is 403b3b - 1f?
403b1c
In base 4, what is -3 + 1123332322?
1123332313
In base 14, what is 38 - 22675?
-2263b
In base 7, what is 6 + 264261421?
264261430
In base 3, what is 11 - 11001021120?
-11001021102
In base 12, what is 0 - -351623a?
351623a
In base 12, what is 218350003 + -4?
21834bbbb
In base 14, what is -7b52 - 25a?
-7dac
In base 10, what is 990 + -281199?
-280209
In base 9, what is -2355455 - -136?
-2355318
In base 6, what is -1252510 - 13441?
-1310351
In base 11, what is 58a + 5a611?
600a0
In base 8, what is 711 - -311600?
312511
In base 8, what is -115332 + -3015?
-120347
In base 3, what is -1222210211211 - 20?
-1222210212001
In base 4, what is 0 + -1032230333211?
-1032230333211
In base 10, what is 5 - 2135940?
-2135935
In base 14, what is -988c8 - 9?
-988d3
In base 7, what is 10213214 - 61?
10213123
In base 14, what is 2998a1 - -10?
2998b1
In base 4, what is -1130320 + -3132113?
-10323033
In base 5, what is 21111042330 + 0?
21111042330
In base 16, what is e14f - -17a?
e2c9
In base 5, what is 331 + 3212122?
3213003
In base 15, what is 32d082 - 2?
32d080
In base 16, what is -12 - -1cc8?
1cb6
In base 16, what is -63 - -1dc7fa?
1dc797
In base 12, what is -2444 + -112?
-2556
In base 3, what is 10 + 2200002110021?
2200002110101
In base 6, what is -5301425455 - -11?
-5301425444
In base 11, what is -41 + 1212219?
1212188
In base 14, what is 3 - -28c6515?
28c6518
In base 6, what is -5503123345 + -5?
-5503123354
In base 9, what is 1066 + -5222?
-4145
In base 14, what is -2773 + 23c9?
-388
In base 16, what is -5a + e744d?
e73f3
In base 16, what is -352743d - 5?
-3527442
In base 11, what is 4428 + 64?
4491
In base 13, what is -9 + -18bbc8?
-18bc04
In base 3, what is 2 - -1221011010220000?
1221011010220002
In base 10, what is -57 - -184445?
184388
In base 6, what is -34015 - -110335?
32320
In base 3, what is 0 + 12221120210012010?
12221120210012010
In base 16, what is -91 + -12493?
-12524
In base 5, what is 1302210 - 2320301?
-1013041
In base 15, what is -c59 + d79?
120
In base 7, what is -1146 + 5136054?
5134605
In base 9, what is -22511001 - 0?
-22511001
In base 10, what is -295780 + 112?
-295668
In base 15, what is 2 + 1554aa96?
1554aa98
In base 6, what is -13520342432 - -2?
-13520342430
In base 3, what is 2010111111012202 - -12?
2010111111012221
In base 11, what is -65 - -13260?
131a6
In base 14, what is -1b6946 - -11?
-1b6935
In base 11, what is 0 - 101287?
-101287
In base 8, what is 100730716 - -7?
100730725
In base 15, what is -3 - -1626ab?
1626a8
In base 11, what is 381a70 - -6?
381a76
In base 10, what is 2573 + 62609?
65182
In base 7, what is 3334004 - -15?
3334022
In base 11, what is -753975 + -6?
-753980
In base 15, what is -a7b6d8 - 1?
-a7b6d9
In base 6, what is -3103144 + 2021?
-3101123
In base 6, what is -34325 - 1320333?
-1355102
In base 10, what is -1794 + 55006?
53212
In base 5, what is 234340233101 + -1?
234340233100
In base 8, what is -2115764 - 200?
-2116164
In base 6, what is -15353514 + 4?
-15353510
In base 7, what is -1106225326 + 5?
-1106225321
In base 8, what is -1502 + -153066?
-154570
In base 4, what is -11322313 - 31211?
-12020130
In base 15, what is -2d3 + -11b2e?
-11e12
In base 11, what is 1 + -a8937848?
-a8937847
In base 9, what is 1174068488 - 1?
1174068487
In base 5, what is 300 - 14020042?
-14014242
In base 16, what is -a + -392e26?
-392e30
In base 15, what is 47c7c2a + 2?
47c7c2c
In base 11, what is -4 - -12204a6?
12204a2
In base 15, what is b5c01 - -46?
b5c47
In base 2, what is -111110 - 10101011100111100101?
-10101011101000100011
In base 7, what is 103665 - -10434?
114432
In base 11, what is -2 + a5a25aaa?
a5a25aa8
In base 15, what is -185c4 + -7dd?
-18db2
In base 5, what is 10 + 143431302?
143431312
In base 8, what is -10675 + -37330?
-50225
In base 11, what is 320 + -179558?
-179238
In base 4, what is 3 + -10212123002?
-10212122333
In base 4, what is 20132233012 - 2?
20132233010
In base 4, what is 1030231110332 - 0?
1030231110332
In base 2, what is 111001 + 10000100111101100?
10000101000100101
In base 4, what is -221112233230 - -1?
-221112233223
In base 13, what is -24 - -163c5?
163a1
In base 5, what is -2003023301 + -324?
-2003024130
In base 15, what is -167 - 8897a?
-88ae2
In base 4, what is 112032 - -3301233?
10013331
In base 8, what is -2 + -111057466?
-111057470
In base 12, what is 7941 - 534?
7409
In base 5, what is 30001111043 - 1?
30001111042
In base 3, what is 111021121020 + -22?
111021120221
In base 13, what is a + -289697?
-28968a
In base 7, what is -2 + -344500056?
-344500061
In base 16, what is -45d1 + 5f?
-4572
In base 14, what is -6471 + 438?
-6037
In base 8, what is -5700021 - 4?
-5700025
In base 9, what is 4 - 251881673?
-251881668
In base 7, what is -656 + -2453625?
-2454614
In base 2, what is -11 - -10001001011001110000111000?
10001001011001110000110101
In base 7, what is 6 - 11115330?
-11115321
In base 14, what is 62 + 797893?
797915
In base 14, what is 0 + -a28c56?
-a28c56
In base 12, what is -197045 + -113?
-197158
In base 14, what is -c + 3689c4?
3689b6
In base 9, what is -1745717 - 7?
-1745725
In base 13, what is 12a + 165c01?
16602b
In base 5, what is 112334 - -430?
113314
In base 15, what is 3 + 87c95?
87c98
In base 6, what is 454212 + -1551?
452221
In base 8, what is -4 - -745734271?
745734265
In base 7, what is 4464625 + -21?
4464604
In base 6, what is 3353405424 + 2?
3353405430
In base 14, what is -b831d + 2a?
-b82d3
In base 15, what is -1160da - -88?
-116052
In base 7, what is 50401044 + 1?
50401045
In base 8, what is 230 + -63024?
-62574
In base 9, what is 51101 - 433?
50557
In base 12, what is b8730 - 74?
b8678
In base 6, what is -55020 - -222402?
123342
In base 8, what is 34602 - -27?
34631
In base 7, what is -2661136 - 4?
-2661143
In base 7, what is -12445 - -105433?
62655
In base 8, what is -20 - -2427551?
2427531
In base 11, what is 2 - -112a149?
112a150
In base 10, what is -31 + -150339?
-150370
In base 15, what is -27ca - 2a9?
-2a84
In base 6, what is 240452140 + -12?
240452124
In base 4, what is 10122 - 2303132?
-2233010
In base 6, what is -32 - 122222544?
-122223020
In base 12, what is 52 - 4b204a?
-4b1bb8
In base 12, what is 940 + 20a76?
217b6
In base 7, what is -1561323 - -20?
-1561303
In base 16, what is -c61d7 - -31?
-c61a6
In base 9, what is 3804 + -650?
3144
In base 3, what is 11121202120222 - -121?
11121202121120
In base 16, what is -166b0f - -e?
-166b01
In base 7, what is 125450 - 16?
125431
In base 6, what is -4 + 101440514522?
101440514514
In base 11, what is 67a57 - 36?
67a21
In base 11, what is -34268 - 15a17?
-4a184
In base 6, what is -43253135 + 4542?
-43244153
In base 12, what is 3 - -243b949?
243b950
In base 14, what is -25b785 + 2?
-25b783
In base 7, what is 10451 - -55163?
65644
In base 6, what is -4 + 43244501?
43244453
In base 4, what is -21312210131322 - -3?
-21312210131313
In base 7, what is 4140522 + 216?
4141041
In base 13, 